{"id":13175,"date":"2025-06-23T10:01:07","date_gmt":"2025-06-23T04:01:07","guid":{"rendered":"https:\/\/protectionone.com.bd\/shop\/?post_type=product&#038;p=13175"},"modified":"2025-06-23T11:09:39","modified_gmt":"2025-06-23T05:09:39","slug":"ds-2cd1027g2h-liuf-colorvu","status":"publish","type":"product","link":"https:\/\/protectionone.com.bd\/shop\/product\/ds-2cd1027g2h-liuf-colorvu\/","title":{"rendered":"DS-2CD1027G2H-LIU(F) 2MP ColorVu Bullet Camera with Smart Hybrid Light &#038; Audio"},"content":{"rendered":"<p><strong>Specification<\/strong><\/p>\n<hr \/>\n<ul>\n<li><strong><span class=\"tech-specs-items-description__title--heading\">Camera (DS-2CD1027G2H-LIU(F) ColorVu 2MP Bullet Camera)<\/span><\/strong><\/li>\n<li style=\"list-style-type: none;\">\n<ul class=\"tech-specs-items-description\" data-target=\"Camera \">\n<li class=\"tech-specs-items-description-list\"><span class=\"tech-specs-items-description__title\">Image Sensor<\/span><span class=\"tech-specs-items-description__title-details\">\/2.8&#8243; Progressive Scan CMOS<\/span><\/li>\n<li class=\"tech-specs-items-description-list\"><span class=\"tech-specs-items-description__title\">Max. Resolution<\/span><span class=\"tech-specs-items-description__title-details\">1920 \u00d7 1080<\/span><\/li>\n<li class=\"tech-specs-items-description-list\"><span class=\"tech-specs-items-description__title\">Min. Illumination<\/span><span class=\"tech-specs-items-description__title-details\">Color: 0.001 Lux @ (F1.0, AGC ON),0 Lux with light<\/span><\/li>\n<li class=\"tech-specs-items-description-list\"><span class=\"tech-specs-items-description__title\">Shutter Time<\/span><span class=\"tech-specs-items-description__title-details\">1\/3 s to 1\/100,000 s<\/span><\/li>\n<li class=\"tech-specs-items-description-list\"><span class=\"tech-specs-items-description__title\">Day &amp; Night <\/span><span class=\"tech-specs-items-description__title-details\">IR cut filter<\/span><\/li>\n<li class=\"tech-specs-items-description-list\"><span class=\"tech-specs-items-description__title\">Angle Adjustment<\/span><span class=\"tech-specs-items-description__title-details\"><span class=\"tech-specs-items-description__title-details\">Pan: 0\u00b0 to 360\u00b0,tilt: 0\u00b0 to 90\u00b0,rotate: 0\u00b0 to 360\u00b0<\/span><\/span><br \/>\n<hr \/>\n<\/li>\n<\/ul>\n<\/li>\n<\/ul>\n<ul class=\"tech-specs-items-description\" data-target=\"Lens\">\n<li class=\"tech-specs-items-description-list\"><strong><span class=\"tech-specs-items-description__title--heading\">Lens<\/span><\/strong>\n<ul class=\"tech-specs-items-description\" data-target=\"Lens\">\n<li class=\"tech-specs-items-description-list\"><span class=\"tech-specs-items-description__title\">Lens Type <\/span><span class=\"tech-specs-items-description__title-details\">Fixed focal lens, 2.8 and 4 mm optional<\/span><\/li>\n<li class=\"tech-specs-items-description-list\"><span class=\"tech-specs-items-description__title\">Focal Length &amp; FOV<\/span>\n<p class=\"mb-p\">2.8 mm, horizontal FOV 115\u00b0, vertical FOV 60\u00b0, diagonal FOV 143\u00b0<\/p>\n<p class=\"mb-p\">4 mm, horizontal FOV 94\u00b0, vertical FOV 50\u00b0, diagonal FOV 110\u00b0<\/p>\n<\/li>\n<li class=\"tech-specs-items-description-list\"><span class=\"tech-specs-items-description__title\">Lens Mount<\/span><span class=\"tech-specs-items-description__title-details\">M12<\/span><\/li>\n<li class=\"tech-specs-items-description-list\"><span class=\"tech-specs-items-description__title\">Iris Type <\/span><span class=\"tech-specs-items-description__title-details\">Fixed<\/span><\/li>\n<li class=\"tech-specs-items-description-list\"><span class=\"tech-specs-items-description__title\">Aperture<\/span><span class=\"tech-specs-items-description__title-details\">F1.0<\/span><\/li>\n<\/ul>\n<\/li>\n<\/ul>\n<ul class=\"tech-specs-items-description\" data-target=\"DORI\">\n<li style=\"list-style-type: none;\">\n<ul class=\"tech-specs-items-description\" data-target=\"DORI\">\n<li class=\"tech-specs-items-description-list\"><span class=\"tech-specs-items-description__title--heading\">DORI<\/span><\/li>\n<li class=\"tech-specs-items-description-list\"><span class=\"tech-specs-items-description__title\">DORI<\/span>\n<p class=\"mb-p\">2.8 mm, D: 64 m, O: 25 m, R: 12 m, I: 6 m<\/p>\n<p class=\"mb-p\">4 mm, D: 77 m, O: 30 m, R: 15 m, I: 7 m<\/p>\n<hr \/>\n<\/li>\n<\/ul>\n<\/li>\n<li class=\"tech-specs-items-description-list\">\n<p class=\"mb-p\"><strong>Illuminator<\/strong><\/p>\n<\/li>\n<\/ul>\n<ul>\n<li style=\"list-style-type: none;\">\n<ul class=\"tech-specs-items-description\" data-target=\"Illuminator\">\n<li class=\"tech-specs-items-description-list\"><span class=\"tech-specs-items-description__title\">Supplement Light Type<\/span><span class=\"tech-specs-items-description__title-details\">IR, White Light<\/span><\/li>\n<li class=\"tech-specs-items-description-list\"><span class=\"tech-specs-items-description__title\">Supplement Light Range<\/span><span class=\"tech-specs-items-description__title-details\">Up to 30 m<\/span><\/li>\n<li class=\"tech-specs-items-description-list\"><span class=\"tech-specs-items-description__title\">Smart Supplement Light<\/span><span class=\"tech-specs-items-description__title-details\">Yes<\/span><\/li>\n<li class=\"tech-specs-items-description-list\"><span class=\"tech-specs-items-description__title\">IR Wavelength<\/span><span class=\"tech-specs-items-description__title-details\"><span class=\"tech-specs-items-description__title-details\">850 nm<\/span><\/span><br \/>\n<hr \/>\n<\/li>\n<\/ul>\n<\/li>\n<\/ul>\n<ul class=\"tech-specs-items-description\" data-target=\"Video\">\n<li class=\"tech-specs-items-description-list\"><strong><span class=\"tech-specs-items-description__title--heading\">Video<\/span><\/strong>\n<ul class=\"tech-specs-items-description\" data-target=\"Video\">\n<li style=\"list-style-type: none;\">\n<ul class=\"tech-specs-items-description\" data-target=\"Video\">\n<li class=\"tech-specs-items-description-list\"><span class=\"tech-specs-items-description__title\">Main Stream<\/span>\n<p class=\"mb-p\">50 Hz: 25 fps (1920 \u00d7 1080, 1280 \u00d7 720)<\/p>\n<p class=\"mb-p\">60 Hz: 30 fps (1920 \u00d7 1080, 1280 \u00d7 720)<\/p>\n<\/li>\n<\/ul>\n<\/li>\n<\/ul>\n<ul class=\"tech-specs-items-description\" data-target=\"Video\">\n<li class=\"tech-specs-items-description-list\"><span class=\"tech-specs-items-description__title\">Sub-Stream<\/span>\n<p class=\"mb-p\">50 Hz: 25 fps (640 \u00d7 480, 640 \u00d7 360)<\/p>\n<p class=\"mb-p\">60 Hz: 24 fps (640 \u00d7 480, 640 \u00d7 360)<\/p>\n<\/li>\n<li class=\"tech-specs-items-description-list\"><span class=\"tech-specs-items-description__title\">Video Compression<\/span>\n<p class=\"mb-p\">Main stream: H.265+\/H.265\/H.264+\/H.264,<\/p>\n<p class=\"mb-p\">Sub-stream: H.265\/H.264\/MJPEG<\/p>\n<\/li>\n<li class=\"tech-specs-items-description-list\"><span class=\"tech-specs-items-description__title\">Video Bit Rate <\/span><span class=\"tech-specs-items-description__title-details\">32 Kbps to 16 Mbps<\/span><\/li>\n<li class=\"tech-specs-items-description-list\"><span class=\"tech-specs-items-description__title\">H.264 Type <\/span><span class=\"tech-specs-items-description__title-details\">Baseline Profile, Main Profile, High Profile<\/span><\/li>\n<li class=\"tech-specs-items-description-list\"><span class=\"tech-specs-items-description__title\">H.265 Type<\/span><span class=\"tech-specs-items-description__title-details\">Main Profile<\/span><\/li>\n<li class=\"tech-specs-items-description-list\"><span class=\"tech-specs-items-description__title\">Bit Rate Control <\/span><span class=\"tech-specs-items-description__title-details\">CBR, VBR<\/span><\/li>\n<li class=\"tech-specs-items-description-list\"><span class=\"tech-specs-items-description__title\">Region of Interest (ROI)<\/span><span class=\"tech-specs-items-description__title-details\"><span class=\"tech-specs-items-description__title-details\">1 fixed region for the main stream<\/span><\/span><br \/>\n<hr \/>\n<\/li>\n<\/ul>\n<\/li>\n<\/ul>\n<ul class=\"tech-specs-items-description\" data-target=\"Audio\">\n<li class=\"tech-specs-items-description-list\"><strong><span class=\"tech-specs-items-description__title--heading\">Audio<\/span><\/strong>\n<ul class=\"tech-specs-items-description\" data-target=\"Audio\">\n<li class=\"tech-specs-items-description-list\"><span class=\"tech-specs-items-description__title\">Audio Type<\/span><span class=\"tech-specs-items-description__title-details\">Mono sound<\/span><\/li>\n<li class=\"tech-specs-items-description-list\"><span class=\"tech-specs-items-description__title\">Audio Compression<\/span><span class=\"tech-specs-items-description__title-details\">G.711\/G.722.1\/G.726\/MP2L2\/PCM\/AAC-LC<\/span><\/li>\n<li class=\"tech-specs-items-description-list\"><span class=\"tech-specs-items-description__title\">Audio Bit Rate<\/span><span class=\"tech-specs-items-description__title-details\">64 Kbps (G.711)\/16 Kbps (G.722.1)\/16 Kbps (G.726)\/32 to 160 Kbps (MP2L2)\/16 to 64 Kbps (AAC-LC)<\/span><\/li>\n<li class=\"tech-specs-items-description-list\"><span class=\"tech-specs-items-description__title\">Audio Sampling Rate<\/span><span class=\"tech-specs-items-description__title-details\">8 kHz\/16 kHz<\/span><\/li>\n<li class=\"tech-specs-items-description-list\"><span class=\"tech-specs-items-description__title\"><span class=\"tech-specs-items-description__title\">Environment Noise Filtering Yes<\/span><\/span><br \/>\n<hr \/>\n<\/li>\n<\/ul>\n<\/li>\n<\/ul>\n<ul class=\"tech-specs-items-description\" data-target=\"Network\">\n<li class=\"tech-specs-items-description-list\"><strong><span class=\"tech-specs-items-description__title--heading\">Network<\/span><\/strong>\n<ul class=\"tech-specs-items-description\" data-target=\"Network\">\n<li class=\"tech-specs-items-description-list\"><span class=\"tech-specs-items-description__title-details\">Protocols IPv4\uff0c IPv6 TCP\/IP, ICMP, DHCP, DNS, HTTP, RTP, RTSP, RTCP, NTP, IGMP, UDP, QoS, FTP, SMTP, UPnP<\/span><\/li>\n<li class=\"tech-specs-items-description-list\"><span class=\"tech-specs-items-description__title\">Simultaneous Live View <\/span><span class=\"tech-specs-items-description__title-details\">Up to 6 channels<\/span><\/li>\n<li class=\"tech-specs-items-description-list\"><span class=\"tech-specs-items-description__title\">API<\/span><span class=\"tech-specs-items-description__title-details\">Open Network Video Interface (Profile S, Profile T, Profile G (only -F model supports)), ISAPI, SDK<\/span><\/li>\n<li class=\"tech-specs-items-description-list\"><span class=\"tech-specs-items-description__title\">User\/Host<\/span>\n<p class=\"mb-p\">Up to 32 users<\/p>\n<p class=\"mb-p\">3 user levels: administrator, operator, and user<\/p>\n<\/li>\n<li class=\"tech-specs-items-description-list\"><span class=\"tech-specs-items-description__title\">Security: <\/span><span class=\"tech-specs-items-description__title-details\">Password protection, complicated password, watermark, basic and digest authentication for HTTP, WSSE, and digest authentication for Open Network Video Interface, security audit log, host authentication (MAC address)<\/span><\/li>\n<\/ul>\n<\/li>\n<li class=\"tech-specs-items-description-list\"><span class=\"tech-specs-items-description__title\">Client<\/span><span class=\"tech-specs-items-description__title-details\">iVMS-4200,Hik-Connect<\/span>\n<ul class=\"tech-specs-items-description\" data-target=\"Network\">\n<li class=\"tech-specs-items-description-list\"><span class=\"tech-specs-items-description__title\">Web Browser<\/span>\n<p class=\"mb-p\">Plug-in required live view: IE 10, IE 11,<\/p>\n<p class=\"mb-p\">Local service: Chrome 57.0+, Firefox 52.0+, Edge 89+<\/p>\n<hr \/>\n<\/li>\n<\/ul>\n<\/li>\n<\/ul>\n<ul class=\"tech-specs-items-description\" data-target=\"Image\">\n<li class=\"tech-specs-items-description-list\"><strong><span class=\"tech-specs-items-description__title--heading\">Image<\/span><\/strong>\n<ul class=\"tech-specs-items-description\" data-target=\"Image\">\n<li class=\"tech-specs-items-description-list\"><span class=\"tech-specs-items-description__title\">Image Settings: <\/span><span class=\"tech-specs-items-description__title-details\">Rotate mode, saturation, brightness, contrast, sharpness, gain, white balance, adjustable by client software or web browser<\/span><\/li>\n<li class=\"tech-specs-items-description-list\"><span class=\"tech-specs-items-description__title\">Day\/Night Switch <\/span><span class=\"tech-specs-items-description__title-details\">Day, Night, Auto, Schedule<\/span><\/li>\n<li class=\"tech-specs-items-description-list\"><span class=\"tech-specs-items-description__title\">Wide Dynamic Range (WDR)<\/span><span class=\"tech-specs-items-description__title-details\">Digital WDR<\/span><\/li>\n<li class=\"tech-specs-items-description-list\"><span class=\"tech-specs-items-description__title\">SNR<\/span><span class=\"tech-specs-items-description__title-details\">\u2265 52 dB<\/span><\/li>\n<li class=\"tech-specs-items-description-list\"><span class=\"tech-specs-items-description__title\">Image Enhancement <\/span><span class=\"tech-specs-items-description__title-details\">BLC, HLC, 3D DNR<\/span><\/li>\n<li class=\"tech-specs-items-description-list\"><span class=\"tech-specs-items-description__title\">Privacy Mask<\/span><span class=\"tech-specs-items-description__title-details\">4 programmable polygon privacy masks<\/span><\/li>\n<\/ul>\n<\/li>\n<\/ul>\n<ul class=\"tech-specs-items-description\" data-target=\"Interface\">\n<li style=\"list-style-type: none;\">\n<ul class=\"tech-specs-items-description\" data-target=\"Interface\">\n<li class=\"tech-specs-items-description-list\"><span class=\"tech-specs-items-description__title--heading\">Interface<\/span><\/li>\n<li class=\"tech-specs-items-description-list\"><span class=\"tech-specs-items-description__title\">Ethernet Interface<\/span><span class=\"tech-specs-items-description__title-details\">1 RJ45 10 M\/100 M self-adaptive Ethernet port<\/span><\/li>\n<li class=\"tech-specs-items-description-list\"><span class=\"tech-specs-items-description__title\">On-Board Storage<\/span><span class=\"tech-specs-items-description__title-details\">-F: Built-in memory card slot, supports microSD\/microSDHC\/microSDXC card, up to 512 GB<\/span><\/li>\n<li class=\"tech-specs-items-description-list\"><span class=\"tech-specs-items-description__title\">Built-in Microphone <\/span><span class=\"tech-specs-items-description__title-details\">Yes,1 built-in microphone<\/span><\/li>\n<li class=\"tech-specs-items-description-list\"><span class=\"tech-specs-items-description__title\">Reset Key<\/span><span class=\"tech-specs-items-description__title-details\"><span class=\"tech-specs-items-description__title-details\">-F: Yes<\/span><\/span><br \/>\n<hr \/>\n<\/li>\n<\/ul>\n<\/li>\n<li><strong><span class=\"tech-specs-items-description__title--heading\">Event<\/span><\/strong><\/li>\n<\/ul>\n<ul>\n<li style=\"list-style-type: none;\">\n<ul class=\"tech-specs-items-description\" data-target=\"Event\">\n<li class=\"tech-specs-items-description-list\"><span class=\"tech-specs-items-description__title\">Basic Event<\/span><span class=\"tech-specs-items-description__title-details\">Motion detection (support alarm triggering by specified target types (human and vehicle)), video tampering alarm, exception<\/span><\/li>\n<li class=\"tech-specs-items-description-list\"><span class=\"tech-specs-items-description__title\">Linkage<\/span><span class=\"tech-specs-items-description__title-details\">Upload to memory card (-F model supports), trigger recording (-F model supports), upload to FTP, notify surveillance center, send email, trigger capture<\/span><\/li>\n<\/ul>\n<\/li>\n<\/ul>\n<ul>\n<li style=\"list-style-type: none;\">\n<ul class=\"tech-specs-items-description\" data-target=\"General\">\n<li class=\"tech-specs-items-description-list\"><span class=\"tech-specs-items-description__title--heading\">General<\/span><\/li>\n<li class=\"tech-specs-items-description-list\"><span class=\"tech-specs-items-description__title\">Power<\/span>\n<p class=\"mb-p\">12 VDC \u00b1 25%, 0.45 A, max. 5.4 W, \u00d85.5 mm coaxial power plug, reverse polarity protection,<\/p>\n<p class=\"mb-p\">PoE: IEEE 802.3af, Class 3, max. 6.5 W<\/p>\n<\/li>\n<li class=\"tech-specs-items-description-list\"><span class=\"tech-specs-items-description__title\">Material <\/span><span class=\"tech-specs-items-description__title-details\">Front cover: metal, body: plastic, bracket: plastic<\/span><\/li>\n<li class=\"tech-specs-items-description-list\"><span class=\"tech-specs-items-description__title\">Dimension<\/span><span class=\"tech-specs-items-description__title-details\">69.8 mm \u00d7 67.9 mm \u00d7 172.9 mm (2.7&#8243; \u00d7 2.7&#8243; \u00d7 6.8&#8243;)<\/span><\/li>\n<li class=\"tech-specs-items-description-list\"><span class=\"tech-specs-items-description__title\">Package Dimension<\/span><span class=\"tech-specs-items-description__title-details\">150 mm \u00d7 150 mm \u00d7 141 mm (5.91&#8243; \u00d7 5.91&#8243; \u00d7 5.55&#8243;)<\/span><\/li>\n<li class=\"tech-specs-items-description-list\"><span class=\"tech-specs-items-description__title\">Weight <\/span><span class=\"tech-specs-items-description__title-details\">Approx. 550 g (1.2 lb.)<\/span><\/li>\n<li class=\"tech-specs-items-description-list\"><span class=\"tech-specs-items-description__title\">With Package Weight <\/span><span class=\"tech-specs-items-description__title-details\">Approx. 800 g (1.8 lb.)<\/span><\/li>\n<li class=\"tech-specs-items-description-list\"><span class=\"tech-specs-items-description__title\">Storage Conditions<\/span><span class=\"tech-specs-items-description__title-details\">-30 \u00b0C to 60 \u00b0C (-22 \u00b0F to 140 \u00b0F). Humidity 95% or less (non-condensing)<\/span><\/li>\n<li class=\"tech-specs-items-description-list\"><span class=\"tech-specs-items-description__title\">Startup and Operating Conditions<\/span><span class=\"tech-specs-items-description__title-details\">-30 \u00b0C to 60 \u00b0C (-22 \u00b0F to 140 \u00b0F). Humidity 95% or less (non-condensing)<\/span><\/li>\n<li class=\"tech-specs-items-description-list\"><span class=\"tech-specs-items-description__title\">Language<\/span><span class=\"tech-specs-items-description__title-details\">English, Ukrainian<\/span><\/li>\n<li class=\"tech-specs-items-description-list\"><span class=\"tech-specs-items-description__title\">General Function: <\/span><span class=\"tech-specs-items-description__title-details\">Heartbeat, anti-banding, mirror, Password protection, password reset via email<\/span><\/li>\n<\/ul>\n<\/li>\n<\/ul>\n<ul class=\"tech-specs-items-description\" data-target=\"Approval\">\n<li style=\"list-style-type: none;\">\n<ul class=\"tech-specs-items-description\" data-target=\"Approval\">\n<li class=\"tech-specs-items-description-list\"><span class=\"tech-specs-items-description__title--heading\"><span class=\"tech-specs-items-description__title--heading\">Approval<\/span><\/span><br \/>\n<hr \/>\n<\/li>\n<\/ul>\n<\/li>\n<li class=\"tech-specs-items-description-list\"><span class=\"tech-specs-items-description__title\">EMC<\/span>\n<p class=\"mb-p\">CE-EMC: EN 55032:2015+A1:2020, EN 50130-4:2011+A1:2014, EN IEC 61000-3-2:2019+A1:2021, EN 61000-3-3:2013+A1:2019+A2:2021,<\/p>\n<p class=\"mb-p\">RCM: AS\/NZS CISPR 32: 2015,<\/p>\n<p class=\"mb-p\">IC: ICES-003: Issue 7<\/p>\n<\/li>\n<li class=\"tech-specs-items-description-list\"><span class=\"tech-specs-items-description__title\">Safety<\/span>\n<p class=\"mb-p\">CB: IEC 62368-1: 2014+A11,<\/p>\n<p class=\"mb-p\">CE-LVD: EN 62368-1: 2014\/A11: 2017,<\/p>\n<p class=\"mb-p\">BIS: IS 13252 (Part 1): 2010\/IEC 60950-1: 2005<\/p>\n<\/li>\n<li class=\"tech-specs-items-description-list\"><span class=\"tech-specs-items-description__title\">Environment<\/span>\n<p class=\"mb-p\">CE-RoHS: 2011\/65\/EU,<\/p>\n<p class=\"mb-p\">WEEE: 2012\/19\/EU,<\/p>\n<p class=\"mb-p\">Reach: Regulation (EC) No 1907\/2006<\/p>\n<\/li>\n<li class=\"tech-specs-items-description-list\"><span class=\"tech-specs-items-description__title\">Protection<\/span><span class=\"tech-specs-items-description__title-details\"><span class=\"tech-specs-items-description__title-details\"><span class=\"tech-specs-items-description__title-details\">IP67: IEC 60529-2013<\/span><\/span><\/span><br \/>\n<hr \/>\n<\/li>\n<\/ul>\n<p>&nbsp;<\/p>\n<p>Discover the DS-2CD1027G2H-LIU(F) ColorVu 2MP Bullet Camera Fixed Bullet Network Camera with Smart Hybrid Light, human &amp; vehicle detection, built-in microphone, and IP67 weatherproof design: crisp imaging, real-time audio, and up to 512GB storage support.<\/p>\n<p data-start=\"126\" data-end=\"191\"><strong data-start=\"126\" data-end=\"191\">Enhance Security with the DS-2CD1027G2H-LIU(F) ColorVu 2MP Bullet Camera<\/strong><\/p>\n<p data-start=\"193\" data-end=\"466\">When securing your property day and night, the <strong data-start=\"252\" data-end=\"291\">DS-2CD1027G2H-LIU(F) ColorVu camera<\/strong> from Hikvision stands out as a top-tier option. Designed with advanced features and reliable performance, it delivers full-color imaging 24\/7, even in low-light environments. 2MP bullet security camera with audio<\/p>\n<h3 data-start=\"468\" data-end=\"504\">Crystal-Clear Footage with Audio<\/h3>\n<p data-start=\"506\" data-end=\"789\">This <strong data-start=\"511\" data-end=\"552\">2MP bullet security camera with audio<\/strong> captures high-quality 1080p video while recording sound in real time, thanks to its built-in microphone. That means you get both visual and audio context in every security event \u2014 a key advantage for home and business owners alike.<\/p>\n<h3 data-start=\"791\" data-end=\"837\">Smart Hybrid Light for Better Night Vision<\/h3>\n<p data-start=\"839\" data-end=\"1135\">Unlike standard infrared-only cameras, this <strong data-start=\"883\" data-end=\"918\">ColorVu smart hybrid light CCTV<\/strong> uses a combination of warm white light and IR to adapt to various lighting conditions. Whether it&#8217;s pitch dark or dimly lit, you\u2019ll always get full-color video, improving both evidence quality and visual recognition.<\/p>\n<h3 data-start=\"1137\" data-end=\"1175\">Built for Harsh Outdoor Conditions<\/h3>\n<p data-start=\"1177\" data-end=\"1411\">The <strong data-start=\"1181\" data-end=\"1221\">IP67 outdoor surveillance camera 2MP<\/strong> rating means it\u2019s weatherproof and dust-tight \u2014 perfect for driveways, parking lots, or remote outdoor areas. Rain or shine, this camera keeps working around the clock without interruption.<\/p>\n<h3 data-start=\"1413\" data-end=\"1449\">Intelligent Detection Technology<\/h3>\n<p data-start=\"1451\" data-end=\"1708\">Equipped with advanced analytics, the <strong data-start=\"1489\" data-end=\"1530\">Hikvision camera with human detection<\/strong> can distinguish between people and vehicles. This reduces false alarms caused by animals, shadows, or wind-blown objects, making your security system smarter and more efficient.<\/p>\n<h3 data-start=\"1710\" data-end=\"1728\">Final Thoughts<\/h3>\n<p data-start=\"1730\" data-end=\"2051\">If you&#8217;re looking for a reliable security solution that offers full-color video, real-time audio, smart detection, and durable outdoor performance, the <strong data-start=\"1882\" data-end=\"1921\">DS-2CD1027G2H-LIU(F) ColorVu camera<\/strong> is a solid investment. It combines cutting-edge technology with practical features that truly matter for everyday security needs.<\/p>\n<p data-start=\"1730\" data-end=\"2051\"><span style=\"color: #ff0000;\"><a style=\"color: #ff0000;\" href=\"https:\/\/assets.hikvision.com\/prd\/public\/all\/doc\/sm000059821\/DS-2CD1027G2H-LIUF_Datasheet_20240718.pdf\" target=\"_blank\" rel=\"noopener\">Download the Datasheet for details<\/a><\/span><\/p>\n","protected":false},"excerpt":{"rendered":"<ul>\n<li>High-quality imaging with 2 MP resolution<\/li>\n<li>Support Human and Vehicle Detection<\/li>\n<li>Efficient H.265+ compression technology<\/li>\n<li>Built-in microphone for real-time audio security<\/li>\n<li>Support on-board storage up to 512 GB (SD card slot) (Optional)<\/li>\n<li>Water and dust resistant (IP67)<\/li>\n<\/ul>\n","protected":false},"featured_media":13177,"comment_status":"open","ping_status":"closed","template":"","meta":[],"product_brand":[1311],"product_cat":[263,133],"product_tag":[1316,1317,1314,1315,1319,1318],"class_list":{"0":"post-13175","1":"product","2":"type-product","3":"status-publish","4":"has-post-thumbnail","6":"product_brand-hikvision","7":"product_cat-hikvision-ip-camera","8":"product_cat-ip-camera","9":"product_tag-2mp-bullet-security-camera-with-audio","10":"product_tag-colorvu-smart-hybrid-light-cctv","11":"product_tag-ds-2cd1027g2h-liuf-colorvu-2mp-bullet-camera","12":"product_tag-ds-2cd1027g2h-liuf-colorvu-camera","13":"product_tag-hikvision-camera-with-human-detection","14":"product_tag-ip67-outdoor-surveillance-camera-2mp","16":"first","17":"instock","18":"taxable","19":"shipping-taxable","20":"purchasable","21":"product-type-simple"},"_links":{"self":[{"href":"https:\/\/protectionone.com.bd\/shop\/wp-json\/wp\/v2\/product\/13175","targetHints":{"allow":["GET"]}}],"collection":[{"href":"https:\/\/protectionone.com.bd\/shop\/wp-json\/wp\/v2\/product"}],"about":[{"href":"https:\/\/protectionone.com.bd\/shop\/wp-json\/wp\/v2\/types\/product"}],"replies":[{"embeddable":true,"href":"https:\/\/protectionone.com.bd\/shop\/wp-json\/wp\/v2\/comments?post=13175"}],"version-history":[{"count":5,"href":"https:\/\/protectionone.com.bd\/shop\/wp-json\/wp\/v2\/product\/13175\/revisions"}],"predecessor-version":[{"id":13183,"href":"https:\/\/protectionone.com.bd\/shop\/wp-json\/wp\/v2\/product\/13175\/revisions\/13183"}],"wp:featuredmedia":[{"embeddable":true,"href":"https:\/\/protectionone.com.bd\/shop\/wp-json\/wp\/v2\/media\/13177"}],"wp:attachment":[{"href":"https:\/\/protectionone.com.bd\/shop\/wp-json\/wp\/v2\/media?parent=13175"}],"wp:term":[{"taxonomy":"product_brand","embeddable":true,"href":"https:\/\/protectionone.com.bd\/shop\/wp-json\/wp\/v2\/product_brand?post=13175"},{"taxonomy":"product_cat","embeddable":true,"href":"https:\/\/protectionone.com.bd\/shop\/wp-json\/wp\/v2\/product_cat?post=13175"},{"taxonomy":"product_tag","embeddable":true,"href":"https:\/\/protectionone.com.bd\/shop\/wp-json\/wp\/v2\/product_tag?post=13175"}],"curies":[{"name":"wp","href":"https:\/\/api.w.org\/{rel}","templated":true}]}}